to base 12
-298115
Convert 33041101 (base 5) to base 10.
283901
What is 1377b5 (base 13) in base 14?
c48aa
What is -22434543 (base 6) in base 16?
-a845f
Convert -121203031 (base 4) to base 10.
-104653
What is -2312203013 (base 4) in base 12?
-30085b
25412301 (base 8) to base 10
5641409
What is 2241312114 (base 5) in base 16?
4cb075
What is -312514 (base 6) in base 13?
-b650
What is 2112101012112 (base 3) in base 9?
2471175
Convert -5dba (base 15) to base 14.
-73cb
What is 3111011220 (base 4) in base 14?
18a116
9c4378 (base 13) to base 7
43252663
Convert 3be999 (base 16) to base 9.
7344034
What is -5b80f (base 16) in base 5?
-43443144
-21313243 (base 5) to base 16
-2c833
Convert -48080 (base 13) to base 14.
-36112
Convert -3a18d1 (base 15) to base 12.
-b2652a
What is 24104010 (base 6) in base 5?
143131032
What is -532589 (base 11) in base 9?
-1538418
250650 (base 14) to base 9
2343631
59580 (base 11) to base 3
11100210122
Convert -202020100222 (base 3) to base 5.
-100221203
Convert -39957 (base 11) to base 8.
-157335
Convert 510551 (base 7) to base 5.
10233332
-3205477 (base 9) to base 8
-6430354
What is 1133883 (base 9) in base 4?
2111223123
What is 3aa99b5 (base 12) in base 14?
179b1d7
Convert -21401660 (base 7) to base 9.
-3402818
Convert 245352 (base 7) to base 5.
2420432
Convert -1220101010110 (base 3) to base 10.
-1011216
What is -1533ba4 (base 14) in base 15?
-d95041
What is 33c67 (base 13) in base 14?
2657d
-327306 (base 8) to base 5
-12012103
Convert 1050301 (base 6) to base 2.
1100111111111101
What is -11c78 (base 13) in base 2?
-1000000001110101
Convert -15356 (base 10) to base 7.
-62525
What is -619903 (base 10) in base 8?
-2272577
-6ac48 (base 16) to base 9
-735801
520a0 (base 13) to base 11
a0766
Convert -1034817 (base 9) to base 15.
-ae554
Convert -13204034 (base 5) to base 6.
-2454013
55233 (base 15) to base 14
70814
61a138 (base 12) to base 7
16005062
What is -332055 (base 8) in base 13?
-3ba94
What is 244423 (base 7) in base 8?
127403
What is -6120547 (base 8) in base 14?
-30038b
Convert -121202222022 (base 3) to base 4.
-1100213222
What is 11111001100111110 (base 2) in base 4?
133030332
What is 10021223 (base 4) in base 15?
5088
Convert -2ba5 (base 13) to base 10.
-6388
What is -320255 (base 8) in base 10?
-106669
Convert -1298873 (base 12) to base 2.
-1110000011101111010111
What is 3243244404 (base 5) in base 14?
d06602
What is -62688 (base 10) in base 11?
-4310a
177435 (base 8) to base 14
19b2d
59a785 (base 12) to base 4
11201303111
What is 153d67 (base 16) in base 11?
8708a2
Convert -1722614 (base 8) to base 11.
-312565
What is 11101110100010100 (base 2) in base 16?
1dd14
What is -371626 (base 8) in base 12?
-6201a
Convert 79839 (base 12) to base 8.
474155
-1e8ae1 (base 16) to base 12
-806429
Convert 3da18 (base 15) to base 16.
30587
Convert -33a2a5 (base 12) to base 14.
-177245
What is -141112151 (base 6) in base 15?
-3b6177
Convert -4c6a5 (base 13) to base 14.
-39937
Convert -ccaac (base 15) to base 7.
-5346150
What is -5c032 (base 13) in base 14?
-45946
What is -154524 (base 10) in base 9?
-254863
5279005 (base 10) to base 4
110020310131
Convert 27a64 (base 11) to base 14.
10767
Convert 29841 (base 13) to base 5.
10001200
-280e9 (base 15) to base 12
-62419
Convert 22101002221 (base 3) to base 5.
20233313
What is 3112121020 (base 4) in base 8?
3263110
Convert -1971b49 (base 13) to base 5.
-4120404430
Convert 86e566 (base 15) to base 11.
369a959
Convert -1423224 (base 7) to base 6.
-4031240
What is 1455422 (base 7) in base 4?
300202121
What is -aa1a38 (base 12) in base 11?
-1583799
Convert 16172 (base 8) to base 12.
4276
What is 28675 (base 10) in base 7?
146413
Convert 46aa1a (base 11) to base 7.
6226436
-103301110 (base 4) to base 5
-10042410
Convert -16714813 (base 9) to base 13.
-197c217
-3b6633 (base 12) to base 3
-1212002100110
Convert -438735 (base 12) to base 6.
-34552505
Convert 2978b (base 12) to base 6.
1125055
-424252332 (base 6) to base 13
-1722107
2b16e (base 16) to base 9
288084
What is -447925 (base 10) in base 15?
-8caba
Convert -11001110011010011 (base 2) to base 3.
-12100222012
363615 (base 7) to base 13
24165
-96a865 (base 11) to base 6
-53131330
What is -d50a (base 14) in base 15?
-ace2
What is db2d1 (base 15) in base 11?
435923
What is 1a52686 (base 11) in base 14?
6606a2
Convert 2244232422 (base 5) to base 14.
960055
What is 1124344 (base 7) in base 5?
14001214
What is 51c706 (base 16) in base 10?
5359366
-102100122222 (base 3) to base 13
-7a9ab
10112000021020 (base 3) to base 5
434320310
-1130020 (base 6) to base 7
-332031
What is 15c88 (base 16) in base 15?
1b684
Convert -171772 (base 11) to base 10.
-265795
Convert 253601 (base 10) to base 16.
3dea1
Convert -1010000101001101011011 (base 2) to base 16.
-28535b
What is 958861 (base 10) in base 9?
1721271
What is -211111011 (base 3) in base 7?
-65536
What is 39cba (base 15) in base 3?
100101221111
Convert -208390 (base 10) to base 13.
-73b10
What is -321012520 (base 6) in base 12?
-1a84140
Convert -20144143 (base 5) to base 7.
-1244352
Convert 4354c (base 13) to base 2.
11101101110010000
What is -2222001301 (base 4) in base 8?
-2520161
What is 23042310 (base 6) in base 14?
1451bc
Convert 1764341 (base 10) to base 2.
110101110101111110101
88621 (base 9) to base 7
333334
-481771 (base 9) to base 8
-1066374
1011110111101011011011 (base 2) to base 7
35306563
-2543062 (base 9) to base 11
-867869
What is 245333 (base 12) in base 3?
1002221221110
10011001000111111 (base 2) to base 16
1323f
Convert 3b0690 (base 12) to base 11.
606a57
32220121300 (base 4) to base 11
218a742
What is -130140342 (base 5) in base 14?
-125bd8
What is 132512 (base 12) in base 4?
1030331132
Convert -62780 (base 9) to base 16.
-a1f7
What is -201102002000022 (base 3) in base 7?
-153451634
Convert -10001000000100011010 (base 2) to base 14.
-10717c
What is 122303021 (base 4) in base 8?
326311
21034323 (base 5) to base 6
3423042
Convert -11120513 (base 6) to base 13.
-ba5c7
Convert -341326 (base 9) to base 7.
-1510611
110011010110101111100 (base 2) to base 15
233927
What is 111110111000011100 (base 2) in base 11?
16656a
22472 (base 14) to base 9
136118
247311 (base 11) to base 15
7a9dd
3c013 (base 16) to base 11
158726
-1100010110001001110001 (base 2) to base 5
-1312031330
-3573754 (base 8) to base 11
-610023
545c7 (base 13) to base 14
3d881
What is 122345 (base 7) in base 12?
1100b
What is -260440 (base 15) in base 3?
-10102122022120
-146b94 (base 14) to base 2
-10101101011001011110
101405 (base 6) to base 5
230031
-89239 (base 13) to base 14
-66887
What is -1246b (base 12) in base 15?
-756b
Convert -1101021201100 (base 3) to base 11.
-461429
-436472 (base 8) to base 5
-14143441
-34142166 (base 7) to base 10
-2968419
What is -15157598 (base 10) in base 5?
-12340020343
What is 331706 (base 9) in base 16?
305f4
100011100000111 (base 2) to base 10
18183
-5052 (base 15) to base 2
-100001000111000
What is 23371475 (base 9) in base 13?
2487a85
What is -111110010110001011 (base 2) in base 8?
-762613
-90823 (base 11) to base 16
-2069a
What is -1010000011001101010000 (base 2) in base 9?
-4854856
Convert a3698 (base 11) to base 16.
24ec4
What is 1024020 (base 7) in base 8?
361675
Convert 4e6422 (base 15) to base 2.
1110010111110010001000
Convert 112110022011201 (base 3) to base 14.
103d97b
What is 5996b (base 12) in base 8?
353443
Convert -171c52 (base 15) to base 6.
-40000422
What is -10110211210100 (base 3) in base 7?
-21462141
-138d31 (base 15) to base 10
-941221
-2211112111120 (base 3) to base 5
-341201410
-6123353 (base 7) to base 11
-458550
Convert -103122310313 (base 4) to base 13.
-10930ca
Convert 27570 (base 11) to base 3.
1222212212
What is 1557945 (base 10) in base 8?
5742671
What is 1121121002201 (base 3) in base 5?
204424411
-655243 (base 8) to base 5
-24013221
2415204 (base 6) to base 12
61504
What is -cf2df (base 16) in base 9?
-1533056
What is -918196 (base 10) in base 15?
-1320d1
Convert -1300310211 (base 4) to base 7.
-3633165
3220241102 (base 5) to base 15
8e67d7
What is 1172611 (base 8) in base 6?
10544345
-426245 (base 9) to base 15
-50365
What is 1185830 (base 9) in base 14?
12bc78
-14429 (base 14) to base 8
-142045
What is -10111100000110010010110 (base 2) in base 13?